 + 2?
-1
What is 6 - (-3 - -5) - (8 - -1)?
-5
(-2 - ((-4 - -8) + -3)) + 3
0
-8 - -2 - (9 - (-3 + 26))
8
What is 2 + 1 + 0 - (-3 + 0)?
6
What is the value of -7 + 3 + 5 + 4 + 0?
5
What is -45 + 41 + 1 + 1?
-2
What is the value of 2 + (2 - (4 + -5)) + -5?
0
What is 8 - 16 - -9 - 2?
-1
What is (-1 - 3) + -4 + 5?
-3
Calculate -1 + 6 + 5 + 3 + -8.
5
Calculate 6 + 4 + -3 + -4 + -2.
1
Evaluate 2 - 1 - (-1 + -1 + -2).
5
What is the value of -8 - 3 - -9 - 5?
-7
What is -4 - (-3 + -6) - 4?
1
Evaluate (1 - (-6 + 22)) + 9.
-6
-55 - -49 - (-2 + -2)
-2
What is the value of 11 + (3 - 8) - 3?
3
What is the value of 4 + 1 + -9 + (4 - -3)?
3
What is the value of (-9 - -3) + -3 + 6?
-3
Evaluate 83 - 90 - (-10 - 0).
3
Calculate -3 + 7 + (-13 - -9).
0
Evaluate 3 + -5 + 2 + 1 + 1.
2
6 - (7 + (2 - -1) + -6)
2
-17 + 17 + (2 - 1) + -1
0
What is the value of 11 + (-11 - -1) + -9?
-8
What is (0 - 1) + (12 - 9) - 4?
-2
Calculate -2 - (7 + -2 - 14).
7
Calculate -4 - -5 - (3 - (0 + -1)).
-3
What is the value of (-8 - 2) + 2 - -4?
-4
Calculate -1 + (-4 - ((-3 - 5) + -2)).
5
What is -4 + (5 - 1 - 5 - 0)?
-5
What is the value of -6 + (-5 - -7 - -1)?
-3
Calculate 1 + 1 + (18 - 17).
3
Evaluate 8 + 3 - (18 - 8).
1
What is 1 + 7 + 1 + -4?
5
What is 0 - 2 - (1 - (5 + 4))?
6
Calculate 21 - 26 - (1 - 2).
-4
Evaluate (7 - -5) + -8 - 1.
3
-18 + 0 + 10 - (-14 + -1)
7
Evaluate (-6 - 1) + 6 + -4.
-5
What is the value of 10 + -2 + 6 - 10?
4
What is the value of 0 + (4 - 5) + 5?
4
(-5 - (1 - 2 - -3)) + -1
-8
-7 - (-14 - -10) - (-7 + 1)
3
Evaluate 1 + -4 - (4 + -2).
-5
What is (-9 - (-1 - 10)) + -2?
0
Evaluate 3 + (4 - 1) + -4.
2
(-3 + -6 - -1) + 2
-6
Calculate 1 + 7 + -2 + -7 - -2.
1
Evaluate -1 + (10 - (9 + -3 - 2)).
5
What is 9 + (11 + -16 - 5)?
-1
What is the value of 15 - 3 - (-5 - -15)?
2
-3 + 3 + 4 - 4
0
What is 8 - (4 - (-5 + 1 + 3))?
3
Calculate -1 + -4 + 1 + -3 + -3.
-10
Evaluate -6 - (-2 - -3) - (-6 - -4).
-5
Calculate -13 - -5 - -4 - (-1 + -2).
-1
Calculate -2 + -3 + 7 + -6 + 7.
3
What is the value of -1 + -5 - (-7 + 2)?
-1
Evaluate -1 + (-3 - -1 - (-7 + 6)).
-2
Evaluate 0 + -1 - ((1 - -10) + -14).
2
What is the value of (3 - 4) + -2 - (0 - 7)?
4
0 + (8 - 5) + 3
6
Evaluate 2 + (-10 - -17) - 10.
-1
What is 8 + -7 + 3 + -3?
1
Evaluate (-2 - 1) + 4 + 0 - 0.
1
What is the value of 11 + (-6 - (19 - 5))?
-9
What is the value of -1 - -5 - (-12 - -15)?
1
Evaluate 9 + -4 + -7 + -5.
-7
-5 + 5 + 4 - 6
-2
Evaluate (-7 - -7 - (1 + -1)) + -4.
-4
Calculate 4 + 12 + -23 + -1.
-8
What is 139 - 137 - (10 - 0)?
-8
What is -8 + 9 + 13 - 7?
7
What is (1 - (4 - 3)) + 4?
4
What is 4 + -2 + 3 + -7 + 4?
2
Calculate -2 + (2 - (1 - 2)).
1
What is 5 + -3 + -2 + 6 - 1?
5
What is the value of 5 - (2 - (1 + -3 + 0))?
1
Calculate 4 + -7 + -1 + 6 + -1.
1
Evaluate 4 - (3 - (0 + 3)) - 5.
-1
-2 + -4 - -4 - 1
-3
What is the value of 3 + (-1 - -2) - (-11 - -17)?
-2
Calculate (-3 - 14) + 14 + 9.
6
What is the value of (8 - (0 + -1)) + -5 - 6?
-2
What is -2 - (1 + -2 + (15 - 16))?
0
-5 - (3 + -12 - (-1 - -4))
7
What is -3 - -4 - (2 + -5)?
4
What is the value of 0 - (0 - -1) - (-4 + 6)?
-3
(2 - (2 - 4)) + -8
-4
What is the value of (-1 - -3) + (1 + -5 - -3)?
1
What is -12 - (2 + 0 - 9)?
-5
What is 1 - (-2 + 7) - -4?
0
Evaluate -21 + 7 + 14 + (-3 - -1).
-2
Calculate 6 - (0 + (-2 - -3)).
5
Calculate (2 - 2) + 6 + -2.
4
What is 8 - (4 - 1 - -3)?
2
Calculate 39 + -39 - (-3 - -2).
1
-7 + 5 + (4 - -1)
3
Calculate 1 + (5 - 7) + 2.
1
What is 5 + -1 + (-3 - -1)?
2
What is the value of -1 - -7 - (-3 + 5) - -2?
6
What is 2 + (-2 - (-4 - -7 - 1))?
-2
Calculate 1 + 8 + -12 + (-3 - -1).
-5
Calculate 5 - (8 - 2) - (4 - 10).
5
Evaluate 19 + -15 + (-1 - 1).
2
Evaluate 6 + 5 + -12 + 2.
1
Evaluate -12 - (3 + (-3 - 1)).
-11
What is -4 + 2 + 5 + -2 - 6?
-5
Calculate -3 + -3 - -2 - -6.
2
What is the value of 3 + (-2 - (-3 - -3) - 1)?
0
Calculate 3 + -6 + (-13 - -14).
-2
What is 1 - ((-7 - -4) + 5)?
-1
What is -2 + 0 - (0 + -3)?
1
Calculate 1 - (1 + -2 - -4).
-2
What is 10 + (-10 + 6 - 3)?
3
What is (2 - (-2 - 1)) + -9?
-4
What is -3 - (0 + -6 + 3) - 6?
-6
-8 + 1 + 4 + 6
3
Evaluate 1 + -2 + (-6 - -10) + -4.
-1
Calculate 7 - (5 + -3 + 8).
-3
Calculate ((4 - -2) + 0 - 2) + 3.
7
What is the value of -3 - (-6 + (4 - -5))?
-6
What is the value of -3 + 1 - (4 + 9 - 21)?
6
Calculate -4 + (6 - 0) + (-1 - -2).
3
What is 3 + -5 + 7 + 5 + -11?
-1
What is 3 + -2 - 0 - (1 + 2)?
-2
What is -1 - 2 - ((-1 - 0) + -5)?
3
What is -47 + 42 + 2 + -2 + 1?
-4
What is the value of (6 - 4) + -4 + 6?
4
What is 1 + (-4 - (-4 - (-10 - -4)))?
-5
Evaluate 3 + (-4 - 8) + (16 - 16).
-9
What is the value of -1 + 3 - 2 - (18 - 25)?
7
What is 14 + -23 - (-5 - 0)?
-4
Evaluate -13 - (-15 - -3 - -3).
-4
What is -13 + 9 + -2 + 3?
-3
Evaluate (17 - 15) + (-3 - (0 - -1)).
-2
What is the value of -11 - 1 - -4 - -4?
-4
What is -6 + 4 + 0 + 2 + -5?
-5
What is -3 - (-6 - 4) - (1 - -1)?
5
Evaluate (-9 - (2 + -8)) + 2.
-1
Calculate -12 + (6 + -8 - (0 - 7)).
-7
Evaluate 11 + -19 + 8 - (1 - 4).
3
Calculate -4 + -1 + 4 - 2.
-3
Calculate (9 + -7 - -6 - 5) + 4.
7
Calculate 4 + (3 - (-3 - -14)).
-4
(-99 - -93) + (-1 - -8)
1
-3 - (-10 - (-1 - 3 - -2))
5
Evaluate 0 - ((6 - 0 - -1) + -1).
-6
Evaluate 8 + -17 + (0 - -3).
-6
What is the value of 1 + -3 - (-16 + 21)?
-7
What is -5 + 1 - -6 - 4?
-2
Calculate -2 - (-2 - ((-3 - -3) + 2)).
2
What is the value of 2 + (-3 + 1 - (3 - 2))?
-1
What is the value of 2 + -3 - (13 - 9)?
-5
Evaluate (-3 - -2) + -4 + 8.
3
What is the value of -2 + 4 + 0 - (7 + -2)?
-3
-4 - (2 + 9) - -8
-7
Calculate -9 + (1 - (4 - 3 - 3)).
-6
Calculate (-2 - -4) + (-3 - -1) + 4.
4
2 + 1 + 4 + -3
4
What is 8 + 18 + -11 + -9?
6
Evaluate 8 - (14 - 8) - (1 + 5).
-4
Evaluate (2 - 0) + -3 + -4.
-5
Calculate 4 - (2 + 0) - 2.
0
15 + -4 + 0 - 7
4
Evaluate 2 + (1 - 3) - (-15 + 10).
5
Evaluate -1 + (-1 - (2 - (-2 + 8))).
2
What is the value of (4 + -1 - 5) + 1?
-1
Calculate 4 + -2 - (61 + -64).
5
(4 - 11) + 7 + 2
2
-3 - (0 + -4 + 5)
-4
Evaluate 84 + -91 + 2 + (-5 - 0).
-10
What is the value of -3 + -4 + 6 - -2?
1
What is 2 - 10 - (10 - 15) - 0?
-3
What is the value of -3 + 1 + 7 + -12 + 12?
5
Evaluate 11 + -10 + 1 + -3.
-1
Evaluate (-1 - (3 - 0)) + (1 - -5).
2
Evaluate (5 - 9) + -1 + 4.
-1
Evaluate 0 + (2 - 4 - -3).
1
What is the value of -4 + (4 + -6 - 2 - -6)?
-2
What is the value of (3 - -3 - 4) + (2 - -1)?
5
What is 13 + -9 - (0 - -2)?
2
Evaluate 1 - (-2 - -6) - 2.
-5
Evaluate -1 + -3 - (-13 + 6 - 0).
3
Evaluate -5 + 0 - (49 - 58).
4
Evaluate (5 - (7 + 1)) + 7.
4
Calculate 3 + 2 + -1 + -2.
2
What is -1 + (-3 - -7) + 2 + -5?
0
Evaluate 3 - (4 - 1 - (0 - 0)).
0
What is the value of -12 + (-17 - -15 - (-3 - 2))?
-9
0 + 3 + -2 - (23 - 19)
-3
What is the value of (-6 - -7) + -2 + -2?
-3
What is the value of -5 + 3 + (-10 - -8)?
-4
Calculate -1 + 5 + 2 + -5.
1
Calculate 0 - (-2 - (-8 + (1 - -2))).
-3
What is the value of 11 + -19 - -10 - (-1 - 0)?
3
Calculate -5 + 1 + (1 - 0).
-3
Calculate 4 - (-1 + -3 + 4 + -2).
6
Evaluate 2 - 6 - (37 - 34).
-7
What is the value of 8 + -9 + 3 + (3 - 7)?
-2
3 + 2 + (-2 + 6 - 4)
5
Evaluate -5 + 4 + -5 + 4.
-2
What is the value of -10 + (10 - 4 - 3)?
-7
-10 + 12 + -2 + 5 - 9
-4
(6 - (3 - 0)) + (-6 - -1)
-2
What is the value of -1 - (-2 - -3) - (-2 - 2)?
2
Evaluate 2 - (0 + (0 - -5)).
-3
What is the value of 2 + 3 + (-4 - 5)?
-4
What is 2 + (5 - 15) - -8?
0
-2 - 0 - ((-7 - -8) + -4)
1
Evaluate 6 + (-24 - -25) + (-3 - 0).
4
4 - (4 - 10 - -6)
4
-9 + (-12 - (12 + -28))
-5
Calculate (-14 + 9 - -5) + 6.
6
2 - (0 - (-2 + 4))
4
Evaluate -1 - (-3 + (4 - (5 - -2))).
5
-12 + (-12 - (-22 + 0))
-2
Evaluate (14 - 15) + (-2 - -3) + 0.
0
What is the value of -4 + 4 - (1 - -4) - -5?
0
5 - (4 + 1) - 4
-4
(-1 - 8) + (-42 - -45)
-6
Calculate -1 + (0 - 1) - -3.
1
Calculate 8 - ((-4 - -12) + 5).
-5
2 - 2 - (0 + 2)
-2
What is -2 - (4 + 6 + -8 + 3)?
-7
What is -3 + (0 - -3 - -1) - 4?
-3
Evaluate 11 + 12 + -9 - 9.
5
Evaluate (5 - 4) + (-4 - -2).
-1
What is the value of -5 + 2 + 2 - -4?
3
What is 12 - (-6 - -13 - 5 - -5)?
5
Evaluate 0 - (0 - (-1 + 4)).
3
What is the value of (7 - 7 - (-3 - 1)) + -8?
-4
Evaluate 0 - (-1 + -2 - (7 + -13)).
-3
Evaluate (-2 - (1 - 1)) + 3 - 6.
-5
Calculate -3 - (-9 + 0) - (-2 + 2).
6
What is the value of 1 - 0 - (57 - 63)?
7
What is 40 - 39 - (-1 + 1) - 